 14 = -4*m + 3*z. What is the units digit of m?
3
Suppose 0 = -197*h + 196*h + 37. Suppose -5*p = -3*p - 2. Let v = h + p. What is the units digit of v?
8
Let f(x) = x**2 + 14*x + 3. Let k(d) = -d**3 - 10*d**2 + 2*d + 5. Let q be k(-10). What is the tens digit of f(q)?
1
Let n = 58 - -62. Let j = -24 + n. What is the tens digit of j?
9
Let g(o) = o**2 + 2*o - 7. Let z be g(-7). Let j be (-2)/4 - (-26)/(-4). Let x = z - j. What is the units digit of x?
5
Let g be 4 + (-8)/1 + 96. Let b = g + -36. What is the tens digit of b?
5
Suppose -2*k - 8 = -r, r - 22 = -2*r + 5*k. Suppose u - r = 0, 134 = 5*g - 0*u + u. What is the units digit of g?
6
Let j be 52/8*-2 - 1*-4. What is the units digit of 13519/77 + j/(-21)?
6
Let k(u) = -u**3 + 7*u**2 + 1. Let g be k(7). Suppose 95 = 3*a - g. Suppose -j = -h - 9, 2*j - h = -6*h + a. What is the units digit of j?
1
Let x be (-1)/(-1) + (-14 - -7). Let a(z) be the first derivative of -2*z**2 + 4*z - 5. What is the units digit of a(x)?
8
Let a be (20*1)/((-2)/13). Let f = -33 - a. What is the tens digit of f?
9
Let d(o) = -2*o**2 + 2*o - 13. Let k be d(5). Let y = k + -18. What is the units digit of -1 - (y + 0 + -2)?
2
Suppose -3*g + 69 = 5*s, -3*s = -5*s + 5*g + 9. Let t = 113 + s. Suppose -3*r = -t + 14. What is the units digit of r?
7
Suppose -v - 6 = -1. Let f(n) = -n**3 - 5*n**2 - 5. Let p be f(v). Let q = p - -6. What is the units digit of q?
1
Let p(h) = 2*h - 8. Suppose 2*y + 31 = z + 3*y, 2*z - 68 = y. Suppose -2*m - z = -5*m. What is the tens digit of p(m)?
1
Let r(g) = 14*g**2 + 17*g - 33. What is the hundreds digit of r(-20)?
2
Let v be 621/63 + (-1)/(-7). Let x = v - 5. Suppose -4*h - x*g = -30, 5*h + 1 = g + 53. What is the tens digit of h?
1
Let d = -25 + 27. Suppose d*b + s - 34 = 0, 0 = 4*b - 2*b - s - 38. Suppose -50 = -19*r + b*r. What is the units digit of r?
0
Suppose -v + 963 = -4*s, -3*v + 2821 = -5*s + 10*s. What is the hundreds digit of v?
9
Suppose 0 = 3*k - 5*k + 38. Suppose 5*w - 3*y = -0*y + 57, -k = -2*w + 5*y. Let z = w + 5. What is the tens digit of z?
1
Let o be (15/9 - 1)/(6/9). Let l be (3*-1)/(-1) + -1. What is the tens digit of (l - 0)*9 - o?
1
Let p(z) = 0*z + 5*z**2 + 2*z - 5*z + z. Suppose n = 5*o - 5 + 12, 2*o = -n. What is the tens digit of p(n)?
1
Suppose 0 = 12*f - 10*f - 48. Let l = f - -44. What is the units digit of l?
8
Let t(q) = -2*q - 3*q**2 + 7*q**2 + q + 1 + q**3. What is the units digit of t(3)?
1
Let h = 359 - 210. Let z = h + -94. What is the units digit of z?
5
Let q = 86 - 67. Suppose 0 = q*n - 22*n + 18. What is the units digit of n?
6
Suppose 0*v + 14*v - 4550 = 0. What is the units digit of v?
5
Let a = -133 + 138. Suppose a*v - 27 = 4*v. What is the tens digit of v?
2
Suppose 0 = -2*s + 7*a - 9*a + 12, 4*s + 3 = 5*a. Let k = -134 - -209. Suppose -s*c = -8*c + k. What is the tens digit of c?
1
Let b be (1014/10)/1 - (-24)/40. What is the tens digit of (-11)/(-3*2/b)?
8
Suppose 3*c + 5*i + 4535 = 5*c, 2*c + i - 4505 = 0. What is the tens digit of c?
5
Let s(o) = 4*o + 7. Let q be s(5). Let x = q - 23. Suppose -2*b - 39 = -3*b - x*c, 3*b = -5*c + 117. What is the units digit of b?
9
Let d = -60 - -68. Suppose -d = 2*k, -z = 4*z + 5*k - 375. What is the tens digit of z?
7
Suppose -3*i = 2*i + 15. What is the tens digit of i*(-4 - -3)*25?
7
Let r(n) = 4*n + 19. Let h be r(-4). Suppose -3*d = h*q - 489, 3*q - 3*d - 507 = -0*d. What is the hundreds digit of q?
1
Let w(v) = v**3 - 8*v**2 + 6*v + 10. Let l be w(7). Suppose 2*b - l*u - 483 = 0, 9*u = 4*u + 25. What is the units digit of b?
9
Let n = -36 + 43. Let z(d) = 13*d - 38. What is the tens digit of z(n)?
5
Let o = 11 + -8. Suppose 3*f - o = 0, 2*i + 0*i - 61 = -f. What is the units digit of i?
0
Suppose -30*a - 14355 = -39*a. What is the hundreds digit of a?
5
Let u(g) = g**3 + 19*g**2 - 24*g + 34. What is the tens digit of u(-19)?
9
Suppose 0 = 11*w - 6788 - 791. What is the hundreds digit of w?
6
Let c(f) = 68*f**2 - 4*f - 5. What is the units digit of c(-2)?
5
Suppose 89 - 59 = 5*z. Let k = 15 - 6. Suppose z*i + 36 = k*i. What is the tens digit of i?
1
Suppose f - 9 = 4*t, 1 = f - 0*t + 4*t. Suppose -2*l = 4*o - 24, -3*o + 8*o = f*l. Suppose 0*w - 20 = -l*w. What is the units digit of w?
5
Let a = 217 - -223. What is the tens digit of a?
4
Suppose -444 = -4*s + q - 3*q, s - 118 = -4*q. What is the tens digit of s/(-22)*556/(-10)?
7
Let x = -4352 + 6850. What is the thousands digit of x?
2
Let r(k) = -k**3 - 15*k**2 - k - 13. Let z be r(-15). What is the units digit of z/(-9) + 3356/36?
3
Let m be (9 + 1)*2/(-4). Let u = 12 + m. What is the tens digit of (-6)/14 + 122/u?
1
Let t be 2/1 - (-8 + 0). Let d = 173 + -174. Let x = t - d. What is the units digit of x?
1
Let r = -943 + 1495. What is the hundreds digit of r?
5
What is the tens digit of (-6)/(-2) + (-4810)/(-13)?
7
Let g(o) = -6*o - 5 + 8 - 7*o + 12. Let q be g(10). What is the units digit of (-4531)/q + 6/10?
0
Suppose 0 = -5*d - 5*r + 2540, 10*r - 8*r + 2519 = 5*d. What is the hundreds digit of 3/(-9) + d/3?
1
Suppose -52 = u - 5*u. Let b = 5 - u. What is the tens digit of (-40)/15*210/b?
7
Suppose 274*u - 1313 = 273*u - 2*h, u + 3*h - 1316 = 0. What is the thousands digit of u?
1
Let x(y) = 582*y**2 + 32*y + 32. What is the tens digit of x(-1)?
8
Suppose 5*v + 12*v = 8228. What is the tens digit of v?
8
Let m(w) = 40*w**3 - 3*w**2 + 23*w - 61. What is the units digit of m(4)?
3
Suppose 2*v + 2*p = 968, -5*v - 4*p = 86 - 2511. What is the tens digit of v?
8
Let g = -71 - -177. What is the units digit of (g/5)/((-8)/(-20) - 0)?
3
Let x = -16 + 39. Suppose 3*a - x = -n + 13, 3*n - 76 = -a. Suppose 4*k - n = 28. What is the tens digit of k?
1
Let l = 18 - 10. Suppose -2*m = u + 2*u - l, 3*u = -3*m + 12. Suppose 3*r - m*r + 32 = 0. What is the tens digit of r?
3
Let p be (0/(-3))/(-2 - 0). Suppose p = -9*h + 4*h + 15. Suppose -5*u + 110 = -h*r, 0 = 4*u + 2*r + 18 - 84. What is the tens digit of u?
1
Suppose 176 = -5*o - 5*f - 94, 62 = -o + f. Let u = 3 + o. Let t = u - -113. What is the units digit of t?
8
Let b = -413 + 830. What is the hundreds digit of b?
4
Suppose -49*v + 48*v + 1167 = -2*y, -y - 2322 = -2*v. What is the hundreds digit of v?
1
Let o = -2833 - -5306. What is the thousands digit of o?
2
What is the units digit of 1/8*(14 - -5696)*4?
5
Let d = 75 - 6. Let z(o) = 14*o + o**2 + 26 + 34 - d. What is the units digit of z(-15)?
6
Let g(v) = v**3 - 2*v**2 - 6. Let x be g(5). Let z = 140 - x. What is the tens digit of z?
7
Suppose -3*p + 12 = 5*z, -3*p + 6*p = 4*z - 15. What is the units digit of (-14 + p)*60/(-50)?
8
What is the thousands digit of (-138)/(-230) - 10977/(-5)?
2
Let o(j) = -5*j + 16. Let y be o(4). Let l(b) = -b**2 - 9*b + 13. Let x be l(-11). What is the units digit of (-15)/(x/3) - y?
9
Let g = 818 + -402. What is the tens digit of g?
1
Let t = -4694 - -7949. What is the thousands digit of t?
3
Let p = -176 - -1395. What is the tens digit of p?
1
Let d = -40 + 28. What is the units digit of (-626)/d + 3/(-18)?
2
Let m be (-32)/14 + 16/56. What is the hundreds digit of 135 + -2 + m + 2?
1
Suppose -160 + 24 = -8*u. Suppose 185 = u*t - 12*t. What is the tens digit of t?
3
Suppose 0 = 2*l - 4*y - 160, -5*l + 71 = -y - 284. What is the tens digit of l?
7
Let i = -30 + 53. Let a(z) = -6*z + i*z**3 - 24*z**3 + 5 - 8*z**2 + 3. What is the units digit of a(-7)?
1
Let s = 177 - 375. What is the tens digit of (s/12)/(4/(-56))?
3
Let u = -2648 - -1373. Let i = -731 - u. What is the tens digit of 2/14 + i/14?
3
What is the hundreds digit of (-1)/(-6) + 49900/120?
4
Let g be ((-24)/16)/((-3)/(-4)). Let f be g - 2/(8/84). Let j = 59 + f. What is the tens digit of j?
3
Suppose 156*v - 157*v = -1261. What is the hundreds digit of v?
2
Suppose -x + 7 = 4. Suppose -10*o + 11*o = x. What is the units digit of (2 - o)*-2 - 1?
1
Let a = 923 + -466. Suppose 5*w = -7*r + 4*r + a, -5*w + r = -461. What is the tens digit of w?
9
Suppose -3*a - 1595 + 5220 = 5*u, a = 0. What is the hundreds digit of u?
7
Let g be ((-2)/(-6) + -1)*(-783)/(-18). Suppose -2*d - 2*d + 16 = 0. What is the units digit of (g + d/2)/(-1)?
7
Suppose 4*j = -4*j + 296. Let p(b) = -b**3 - 6*b**2 + 7*b + 7. Let u be p(-7). Let y = j - u. What is the tens digit of y?